ive of -13 + 1/2*k**2 + 6*k. Let u(d) = -d - 2. Let g be u(5). Calculate r(g).
-1
Let l(r) be the second derivative of -2*r**3/3 + 2*r**2 + 38*r. Calculate l(7).
-24
Let u(a) be the second derivative of -4/3*a**3 + 0 + 1/2*a**2 + 16*a. Calculate u(1).
-7
Let g(w) = 13 - w - 4 + 22 + 4*w - w. What is g(0)?
31
Let r(p) = 1 + 2*p**2 - 3 + p**3 - p**2 - p. Suppose 0 = w + 3*g + 6, 4*w = -4*g + 8*g + 8. What is r(w)?
-2
Suppose g = -0*g - 6. Let a be g/(-4)*(-8)/(-6). Suppose -d = -a*d + 4*p, -3*p + 17 = -5*d. Let n(k) = -k**3 - 5*k**2 - 5*k + 1. What is n(d)?
5
Let d(g) = 59*g - 29. Let o(l) = 9*l - 5. Let x(i) = -6*d(i) + 39*o(i). Give x(-9).
6
Let z(i) = -i**3 + i**2 - 6. Suppose 16 = -4*c, -2*k - 4*c = -23 + 119. Let l = k - -40. What is z(l)?
-6
Let d = -135 + 135. Let k(h) = h**3 - h**2 + 21. Calculate k(d).
21
Let m = 24 + 1. Suppose 2*w = -4*v - 20, -w = -0*w - 5*v - m. Suppose w*n - 4 = -4*n. Let x(j) = -j**2 + 2*j - 1. Determine x(n).
0
Let l(a) be the second derivative of 1/12*a**4 - 2*a**2 + 2/3*a**3 + 5*a + 0. What is l(-4)?
-4
Suppose -3*m + 7 = 1. Let q(b) = 2*b - 3*b**2 - m*b - b. Let c be (8/(-64)*-24)/(-3). What is q(c)?
-2
Let b(o) = -o**2 - 8*o - 6. Let g(y) = -4 + 3 + 0 + 8*y + y**2. Let n be g(-6). Let l = n + 5. Calculate b(l).
-6
Suppose 18 = -2*t + 24. Let s(d) = d**3 - 3*d**2 + 3*d - 3. Calculate s(t).
6
Let i(m) = -m**3 - 7*m**2. Let b(w) = -w**3 + 16*w**2 - 27*w + 1. Let f be b(14). Suppose f*q + 14 = 13*q. Give i(q).
0
Suppose j = 3*w - 7, w + 7 + 0 = -2*j. Let r(v) = 0*v + 4*v + w + 12*v**3 - v - 5*v. Give r(1).
11
Let x(p) = -3*p + p**2 - 103 + 99 + 0*p**2. Suppose -19 = -3*q - 4*c, 4*c + 1 = -2*q + 15. What is x(q)?
6
Let q(p) = 3*p - 2. Let c = -114 + 121. Determine q(c).
19
Let r(u) be the third derivative of -u**5/60 - u**4/6 + 3*u**3 + 2*u**2 + 95*u. What is r(-8)?
-14
Suppose -k = -5*y + 8, 2*y - 5*k = 3*y - 12. Let j(w) = -w - 2. Let f(c) = -c - 2. Let d(s) = 3*f(s) - 4*j(s). Calculate d(y).
4
Let k(t) be the third derivative of -t**7/840 - t**6/360 + t**5/40 - t**4/12 + 3*t**3/2 - 29*t**2. Let b(c) be the first derivative of k(c). Determine b(2).
-8
Let h(z) = -16*z**3 - 7*z**2 - 17*z - 11. Let o(p) = -19*p**3 - 7*p**2 - 18*p - 12. Let n(a) = -6*h(a) + 5*o(a). Calculate n(-5).
-4
Let x(y) = 74 - 172*y - 2 + 57*y + 107*y. What is x(10)?
-8
Let f(g) = 1 + 80*g**2 - g**3 + 83*g**2 - g + 0*g - 161*g**2. Determine f(3).
-11
Let p = -21 + 4. Let o = p + 14. Let h(d) be the third derivative of -d**6/120 - d**5/20 - d**4/8 + d**3/6 - 5*d**2. Give h(o).
10
Let v be -3 - -2 - (-2 - 0). Let g(b) = -7*b + 13*b - v + 3 - 7*b. Let l(s) = s**3 + 18*s**2 + s + 23. Let y be l(-18). What is g(y)?
-3
Let o(p) = 5*p - 13 + 15*p - 30*p + 8*p + p. What is o(6)?
-19
Let t = -26 - -28. Let x(z) = -3*z + t*z**2 + 9 - z**3 + 6*z - 12. Determine x(2).
3
Let h(m) = 7*m**2 - 1. Let y be h(-1). Let r(g) = 6 - y + 4*g + 2 - 5*g. Determine r(-4).
6
Let t(z) = -z**3 - 5*z**2 - 5*z - 5. Let p(v) = -39*v - 316. Let f be p(-8). Give t(f).
-1
Let a = -11/14 + 73/84. Let u(k) be the second derivative of a*k**4 + 7/6*k**3 - 1/2*k**2 - 3*k + 0. Determine u(-6).
-7
Let x(b) = -b**3 - 3*b**2 + 3*b - 2. Let t be x(-4). Let r(m) = -3*m + 4*m - m**t + 0*m. Suppose 2*h = 5*j - 2, -h - 4*j - 1 = -0*j. Calculate r(h).
-2
Let j(v) = 2*v**2 - 5*v + 2. Suppose 144 = -5*q - 2*i, 5*i - 44 = 3*q + 61. Suppose -13*m + 146 = -283. Let l = m + q. Give j(l).
5
Let o(i) = i**2 + 6*i - 11. Let z = -116 + 83. Let u be (-6)/z - (-270)/(-33). What is o(u)?
5
Let m be (-11)/5 + (-4)/5. Let s be 4/6 - (-23)/m. Let n(p) = 4*p**2 + 14*p - 22. Let y(b) = -3*b**2 - 9*b + 15. Let v(i) = s*y(i) - 5*n(i). Calculate v(6).
-1
Let s(k) = -k**3 + k**2 - k + 1. Let p(q) = -3*q**3 - 11*q**2 + 21*q + 7. Let v(r) = -p(r) + 4*s(r). Determine v(13).
10
Suppose 5*v = 3*z + 266, -2*v + 3*z + 26 = -84. Suppose 14*h = v + 32. Let a(g) = g. Calculate a(h).
6
Let a(u) = -40*u + 85*u + 1 + 7 - 3 - 46*u. Calculate a(12).
-7
Let p(n) be the third derivative of -n**6/120 + n**5/60 + n**3/6 - 6*n**2 - 2. Calculate p(2).
-3
Let o(w) = w**2 - 9*w - 6. Let x(s) = 2*s**3 - 7*s**2 + 2*s - 13. Let y be x(5). Suppose 4*p + y = 12*p. What is o(p)?
-6
Let f(m) = -m**3 - 10*m**2 - 9*m - 10. Let t(s) = -3*s**3 - 30*s**2 - 27*s - 30. Let y(b) = 17*f(b) - 6*t(b). Let l be 4 + (3 - 16)*1. Calculate y(l).
10
Let g(p) = -11*p + 3. Let t(z) = 1. Let x(w) = g(w) - 4*t(w). Let a(j) = j**2 + j - 1. Let s be a(0). Calculate x(s).
10
Let s(x) = x**2 + 15*x + 8. Let z = -2187 - -2173. What is s(z)?
-6
Let t(i) = -14*i**3 - 5 + 9*i**3 + i**2 - 16*i**3 + 22*i**3 - 1. Let v(f) = f - 5. Let n be v(8). Suppose n*d = 4*d. What is t(d)?
-6
Suppose 2*j + 3*j = 50. Let w = j + -15. Let x(s) = -5*s**3 - s**2 + 4*s + 1. Let u(g) = g**3 + g**2 - g - 1. Let c(r) = 6*u(r) + x(r). Calculate c(w).
5
Let x(c) = -4*c**2 - c. Let y(w) = 2*w - 20. Let j be y(11). Let s be 2 + 3 - j - 5. What is x(s)?
-14
Let w(r) = 60*r + 25. Let n(x) = 5*x + 2. Let b(m) = -25*n(m) + 2*w(m). Let k = 15619 + -15617. What is b(k)?
-10
Let l = -2847 - -2844. Let u(q) be the second derivative of -5*q**3/6 + 2*q**2 + q. Determine u(l).
19
Let b be (152/(-24) - -5)/((-8)/(-12)). Let q(d) = -d**3 - d**2 - d + 2. Determine q(b).
8
Let b = 39 - 38. Suppose -i + 5*l = -21 - b, 3*i + 4*l + 10 = 0. Let v(u) = u**2 - u - 1. Give v(i).
1
Let r(x) = -x**2 + 6*x + 8. Suppose 9*s + 28 = 5*s + 4*o, -4*s - 5*o - 19 = 0. Let p(y) = 8*y + 56. Let k be p(s). Calculate r(k).
-8
Suppose -15 = 2*p + 3*p. Let b(x) be the third derivative of 7*x**5/120 + x**4/8 - 9*x**3/2 - 3*x**2. Let w(m) be the first derivative of b(m). Determine w(p).
-18
Let s(y) = -14*y**2 + 5*y - 1. Suppose 65*b = 33*b + 32. Determine s(b).
-10
Let v(r) = -20*r + 97 - 98 + r**2 + 12*r. Give v(5).
-16
Let t(w) = 3*w - 5. Let p be 1*7/(-42) + 13/6. Calculate t(p).
1
Let p(r) = -3*r**2 - 2 - 7*r + 2*r**3 + 5*r**2 - 8*r**2. Give p(4).
2
Suppose -5 = 4*w + 3. Let c(l) be the third derivative of -1/60*l**6 + 1/24*l**4 - 1/60*l**5 - 1/6*l**3 + 32*l**2 + 0 + l. Calculate c(w).
9
Let n(i) = -i**3 - i**2 + 1. Let v(x) = -9*x**3 + 3*x**2 - x - 3. Let u(l) = -3*n(l) - v(l). Determine u(-1).
-13
Let i(n) be the first derivative of n**2/2 - 12*n - 491. Determine i(0).
-12
Let i(h) = -h**2 + 6*h - 2. Let d be i(4). Let x(n) = -3*n + 2. Let c(v) = 7*v - 3. Let o(s) = -2*c(s) - 5*x(s). Determine o(d).
2
Let w(z) = 6*z**2 + 15*z - 2. Let s be w(-3). Let v(i) = 5*i - 7 - 5*i + i**2 - 1 - 9*i. Calculate v(s).
-22
Let b(h) = -h**3 + 5*h**2 + 2*h - 7. Suppose -1 = -4*y - 13. Let q be (0 - y/(-6))*2. Let m be q/(-3)*(7 + 8). Determine b(m).
3
Let i(m) = m - 2. Let n be -4 - (3 - 6) - -4. Suppose -4*u + 35 = -3*g, -n*u - 2*g + 3 = -2. What is i(u)?
3
Let r(k) = k + 6. Let n be r(-4). Let w(i) = -i - 5*i + i**n - 2*i - 3. Let b(x) = -x**2 + 6*x + 13. Let f be b(7). Give w(f).
-15
Let z(i) = -3*i - 1. Suppose 4*v - 2*k - 59 = 75, -5*v + 3*k + 166 = 0. Let g = -32 + v. Give z(g).
-10
Let p be (-2)/(-17) - 16720/(-646). Let g be 1 + 1 + (-78)/(-3). Let i = g - p. Let r(j) = 3*j. Calculate r(i).
6
Suppose 0 = -w - 2*u - 6, 2*w - 6*u - 18 = -4*u. Let o(f) = f**2 - 2*f + 6. Determine o(w).
14
Let p(u) be the first derivative of u**4/4 - 12*u - 57. Calculate p(0).
-12
Let g(k) = -k - 7. Let f be g(-3). Let l be 2*(-1 - 0) + 4. Let x(u) = -4 + 2*u + 6*u**l - 6*u**2 + u**2 + 3*u. Calculate x(f).
-8
Suppose 3*f + 5*i = 10*i - 11, -1 = -2*f - 5*i. Let m(x) = -x**3 - x + 1. Let r(v) = 3*v**3 + v**2 + 6*v - 1. Let t(s) = 4*m(s) + r(s). Give t(f).
11
Let r be ((-14)/4)/7*-28. Let n(s) = -40*s**3 + s**2 + r*s**3 - 4*s - 3 + 18*s**3 + 11*s**3. Determine n(-2).
-15
Let z(t) be the first derivative of -t**2/2 + 9*t + 53. What is z(8)?
1
Suppose 0 = -a - 0*a - h - 8, -h - 48 = 5*a. Let x = 14 + a. Let y(t) = x - 3 - 12*t + 11*t + 0. Determine y(1).
0
Let r(v) = 5*v**2 - 1. Suppose -4*c + 6 = 38. Let l be 440/(-16)*c/(-10). Let d = l + 21. Calculate r(d).
4
Let i(f) = f**3 + 4*f**2 - f + 3. Let n(d) = -6*d + 32. Let l be n(6). What is i(l)?
7
Let f(h) = -h**3 - 6*h**2 - 5*h + 4. Suppose -3*u = 2*j - 4, j - 27 + 39 = 2*u. What is f(j)?
-8
Let u be 80/(-12) + 2/3. Let f(b) be the first derivative of -b**2/2 - 8*b + 184. What is f(u)?
-2
Let s(x) = 34*x -